u(k) + 4*z(k). Calculate x(6).
2
Suppose 2*r = -5*s + 22 - 3, 0 = 5*r - 5*s + 5. Suppose -6*x + r*x = -4. Suppose i = 2*i + x. Let f(u) = 8*u**2 - 1. What is f(i)?
7
Let y(v) = v**2 + 4*v + 4. Let h be y(-2). Let k(u) = -2*u**2 - 2 + 5*u**2 - u**3 - 2*u + u - 2*u**2. Determine k(h).
-2
Let p be (-4)/(-14) + 130/35. Let j(m) = -p - 5*m + 5*m - 2*m. What is j(4)?
-12
Let g be (21 - 15)/(0 + -2). Let f(b) = b**3 + 5*b**2 + b - 2. Calculate f(g).
13
Let a(x) = -x**2 - x + 1. Let g(d) = -d**3 - d**2 - 6*d + 6. Let b(k) = -5*a(k) + g(k). Let n(z) = z + 7. Let c be n(-5). Let u = c - -2. Determine b(u).
-3
Let d(x) = 9*x - 3*x - x**2 + 5 - 2*x. Suppose -3*u + j + 11 = 0, -2*j - j = -2*u - 2. Give d(u).
0
Let w(g) = -11*g - 1. Let v(b) = 22*b + 3. Let c(f) = 2*v(f) + 5*w(f). Calculate c(-2).
23
Let p(h) = h - 1. Let f(w) = -1. Let k(s) = -5*f(s) + p(s). Let z be k(-2). Suppose -8 - z = -2*x. Let d(l) = -l**3 + 5*l**2 - l + 2. Calculate d(x).
-3
Suppose 2*m + 9 = 5*u, -9 = -2*u + 3*u - 4*m. Let h(o) = -o**2 - 4. Calculate h(u).
-13
Let m(u) = u**2 - 7*u - 11. Let i be m(8). Let q(s) = -s**2 + s + 3. Determine q(i).
-9
Let g(c) = c**3 + 4*c**2 + 2. Let y = -3 + 3. Let b(s) = s - 4. Let x be b(6). Suppose -4*j + 5*z = j + 20, y = j + x*z + 4. Calculate g(j).
2
Let b(f) be the third derivative of -f**5/30 + f**4/6 - f**3/2 - 2*f**2. Suppose g + 5*h = -0*g + 22, -2*g + 4*h - 12 = 0. What is b(g)?
-3
Let i(j) be the third derivative of -j**2 + 0*j + 1/12*j**4 + 1/6*j**3 + 0. What is i(4)?
9
Suppose -4*g - 5*h = -8, h + 0 = g - 2. Let b(c) be the first derivative of -2*c**3/3 + c**2/2 - 1. What is b(g)?
-6
Let w = -11 + 19. Suppose -w = -4*u + n, 5*u + n - 2*n - 11 = 0. Let c(s) = u*s**2 + s + s**3 - 5*s**2 + 6*s**2. Determine c(-3).
6
Let g(s) = -3*s - 27. Let a(j) = 2*j + 18. Let l(v) = -8*a(v) - 5*g(v). What is l(-7)?
-2
Let v(o) = 415*o - 415*o - 7*o**2. Calculate v(-1).
-7
Suppose -16 + 1 = 3*j. Let c(q) be the third derivative of 1/3*q**3 + 0*q + 1/24*q**4 + 0 - 2*q**2. Calculate c(j).
-3
Let y(j) = -2*j - 1. Let d = 2 + -3. Let n be 7/(-2) + d/(-2). Calculate y(n).
5
Let k(j) = -6 - 1 - 5*j - 2*j + 9*j. Calculate k(5).
3
Suppose 32 + 3 = 5*i. Suppose 5 = -k - n, -i = -3*n - 19. Let d(j) be the second derivative of j**4/4 - j**2/2 - 3*j. Determine d(k).
2
Let x(i) = -i**3 + 4*i. Let a be x(2). Let v(c) be the second derivative of 1/6*c**3 + 5*c**2 + a + 3*c. What is v(-5)?
5
Let t(u) = -u**2. Let y = -11 + 18. Let m(r) = -r**3 + 8*r**2 - 7*r - 6. Let s be m(y). Let q be (-7)/(-3) + 2/s. What is t(q)?
-4
Let w(r) = r. Let o be 3 + 18*((-8)/(-6))/(-2). Give w(o).
-9
Let o(i) = i**3 + i**3 - 2*i**2 - 1 - 3*i - i**3. Calculate o(3).
-1
Let u(y) = y**3 - 6*y**2 + 4*y + 2. Suppose 0 = 2*i - 25 - 5. Suppose -4*c + c = 2*x - 10, -3*x - 3*c + i = 0. Calculate u(x).
-3
Let s(m) = 5*m - 1. Let p be s(-1). Let y(r) = r**2 + 7*r - 4. Give y(p).
-10
Let r(n) = n - 7 - 7 + 5. Determine r(5).
-4
Let c(g) be the first derivative of -g**3/3 - 9*g**2/2 - 2*g + 11. Give c(-9).
-2
Let k(a) = 3*a**3 + 4. Let v(p) = 2*p**3 + p**2 + p + 3. Let f(i) = 3*k(i) - 4*v(i). Let s be 9/2 - (-1)/2. Give f(s).
5
Let d(b) = -b**3 - 6*b**2 + 8*b + 3. Let y be (-46)/7 + 12/(-28). Calculate d(y).
-4
Suppose -5 = -p - 4. Let m(u) = -26*u + 1. Determine m(p).
-25
Let t(b) = 6*b + 4. Let i = 96 + -100. What is t(i)?
-20
Let u(l) be the second derivative of l**3/3 + 7*l**2/2 - 9*l. What is u(-6)?
-5
Suppose u - 15 = -4*m, 0 = u + 7*m - 2*m - 19. Let n = -1 - u. Let l(d) = 2 - 3*d + d**3 + 3*d - d**2. Calculate l(n).
2
Let y(w) = -w**2 + w + 1. Let h be 7 - 1 - (-4 - -4). Let z(l) = l**3 + 5*l**2 - 5*l + 3. Let m be z(-6). Let s be h/m*(-2)/(-4). Give y(s).
-1
Let a = 25 + -23. Let w(l) be the third derivative of 5/6*l**3 + 1/24*l**4 + 0*l + 0 + 3*l**a. Determine w(-5).
0
Let r(y) = y**3 - 5*y**2 + 5*y + 4. Let m be (-10)/(-25)*5 - -2. Calculate r(m).
8
Let n(q) = 2*q**3 - q**2 + 2*q + 9. Let v(w) = 5*w**3 - 3*w**2 + 5*w + 26. Let c(h) = -8*n(h) + 3*v(h). Calculate c(0).
6
Let v(m) be the second derivative of m**7/2520 - m**6/240 - m**5/120 + m**4/12 + m. Let g(p) be the third derivative of v(p). Determine g(3).
-1
Let m(n) = -n + 42 - 89 + 45. What is m(5)?
-7
Let a(j) be the first derivative of j**4/4 + 3*j**3 + 5*j**2/2 - 11*j + 44. Determine a(-8).
13
Let z = 5 + -5. Let b(m) = m**2 + 7. Give b(z).
7
Let k(a) = 6*a**2 - 12*a + 2. Let b(j) = -7*j**2 + 13*j - 1. Let c(w) = -5*b(w) - 6*k(w). Let f(g) = g**2 - 4. Let d be f(-3). Calculate c(d).
3
Let p be 3*(48/(-9))/4. Let c = 9 + p. Let a(z) = -z - 6. Let t(n) = -4*n - 19. Let l(v) = -7*a(v) + 2*t(v). Calculate l(c).
-1
Suppose -2 = -3*g + 4. Let c(x) = x**3 - 3*x**2 + 2*x + 4. Let s be c(3). Suppose g*o + 0 = s. Let a(n) = -2*n. Give a(o).
-10
Let d(w) = -492*w - w**3 + 8*w**2 - 2 + 4 + 491*w. What is d(8)?
-6
Suppose -2*a = 5*l - 25, -5*a + l + 23 = 1. Suppose -a*k = 11 - 1. Let j(i) be the third derivative of i**5/60 - i**4/24 - i**3/3 + i**2. Give j(k).
4
Suppose 14 = 9*p - 31. Let d(g) = 3 - 2 + 0*g - 2*g. Let r(t) = 3*t - 3. Let o(s) = p*d(s) + 3*r(s). Calculate o(0).
-4
Suppose 4 = -0*n + 4*n. Let h(q) be the second derivative of -q**5/20 + q**4/6 + q**2 - q. Let u(s) = -s. Let z(o) = n*h(o) + 2*u(o). Give z(2).
-2
Let j(o) = -14 - 3*o + 4 + 7. What is j(-2)?
3
Let c(x) = -7*x**3 + 3*x**2 + 2*x - 1. Let f(v) = -3*v**3 + 2*v**2 + v. Let b(j) = 4*c(j) - 9*f(j). Let m(t) = t**2 + 11*t + 4. Let n be m(-10). What is b(n)?
2
Let v(k) be the first derivative of k**4/4 - 8*k**3/3 + 6*k + 9. Suppose 5*t + 2 = 42. What is v(t)?
6
Let c = 7 + -5. Suppose 2*g = -c*g. Let w(r) = -r + 0*r - 2*r + 2*r + 5. Determine w(g).
5
Let t(r) = -r + 9. Let d be t(7). Suppose -d*z - 5*y - 4 = -5*z, y - 7 = -2*z. Let g(o) = 6*o**2 - o**2 - o - z - o**2 - o**3 + 0. Calculate g(4).
-7
Let i(z) = z - 2. Let k(d) = d - 1. Let q(j) = -3*i(j) + 4*k(j). Suppose 3*a = -3*f - 27, 3*a - 7*f + 3*f = 1. Calculate q(a).
-3
Let w(m) = m + 4. Suppose -54 = -3*g - 12. Let z(i) = i - 21. Let t be z(g). Calculate w(t).
-3
Let j(l) = l**2 + 7*l - 3. Let i = 2 - 9. Let y be j(i). Let d(b) = -b**2 - 2*b - 2. Calculate d(y).
-5
Let a(x) be the second derivative of -x**3/2 - 3*x. What is a(1)?
-3
Let v(k) = -k**2 - 5*k - 2. Let y(t) = t**3 + 17*t**2 + 30*t - 3. Let s be y(-15). What is v(s)?
4
Let n(j) = 7 + 3*j - 7*j**2 + 0*j**2 + 13*j**3 - 14*j**3 - 7*j. Let r be (-17)/3 + 1/(-3). Determine n(r).
-5
Let k(y) = -y**2 + 3*y - 1. Let x(m) = 0*m + 0 - m - 2. Let t be 0 - (21/3 - 3). Let c be x(t). Determine k(c).
1
Suppose 5*y = -5*c - 5, 3*c + 23 = 3*y - y. Let u(p) = -4 - y*p - p + 6*p - 2*p. Calculate u(-6).
2
Let j(n) = -n**3 - 3*n**2 + n. Suppose 8 = 2*u, -3*u + 5*u = -5*h + 168. Let x be (1/(-2))/(4/h). Let a(g) = g + 2. Let l be a(x). Determine j(l).
-6
Let y be (3/(-2))/((-6)/8). Suppose 0 = v - 3*v - 20. Let n be (4/(-10))/(y/v). Let l(z) = z + 1. Give l(n).
3
Let x = -3 - -5. Let r(d) be the second derivative of d - 1/20*d**5 - 2/3*d**3 + 1/2*d**4 + d**x + 0. Determine r(5).
7
Let c(i) = -2*i - 2. Suppose 6 = o - 4*g - 8, 5*o = -5*g - 5. Let b = 4 + o. Let h = b - 11. What is c(h)?
8
Let n(s) = s**3 - 2*s**2 - 3*s - 3. Let a(r) = -r**2 - 5*r + 3. Let w be a(-5). Suppose 5*k = j + 17, 5*j - w*j + 14 = 5*k. What is n(j)?
-3
Let s(f) = -f**3 - 6*f**2 - 7*f - 6. Let o = 18 + -12. Let l be (o - 1)/(11 + -12). What is s(l)?
4
Suppose -4*k + 4 = -3*k. Suppose -5*a + 4*r = 6*r - 8, -k*r = 4*a - 4. Let f be ((-10)/(-25))/(a/10). Let b(z) = -z**3 + 2*z**2 + z. What is b(f)?
2
Let i(u) = -u**3 - 6*u**2 - 5*u - 3. Let p be i(-5). Let o = p + 3. Let h(j) = 3*j - 3. Let c(m) = -7*m + 6. Let f(g) = 4*c(g) + 9*h(g). Give f(o).
-3
Let t(o) = o**2 + 1. Suppose -5*v + 7 = 3*f + 44, 3*v = 5*f + 5. What is t(f)?
17
Let r(y) = -y**2 - 3*y - 16 - 14 + 0*y + 27. Give r(-2).
-1
Let d(z) = z**3 - 4*z**2 - 7*z + 6. Suppose -2*b - 2 = -8. Suppose -4*t + 4*i + 0*i + 8 = 0, b*i = t + 4. What is d(t)?
-4
Let c(p) = p. Let n(d) = d**3 + 7*d**2 - 6. Let b be n(-7). Let h = -10 - b. Determine c(h).
-4
Let l(h) = -h**3 + h**2 + h + 4. Let o be l(0). Let i be ((-38)/6)/(1/(-3)). Let v(d) = -2 + 20*d + 2 - i*d. Calculate v(o).
4
Let l(y) = 2 + 10*y + 10*y - 21*y. What is l(3)?
-1
Let p(j) = -5*j**3 + j. Let 